se
Is 120 a multiple of 40?
True
Does 15 divide 10785?
True
Does 36 divide 7596?
True
Does 35 divide 1056?
False
Is 720 a multiple of 3?
True
Is 21 a factor of 21315?
True
Is 2 a factor of 6073?
False
Is 24189 a multiple of 60?
False
Is 4344 a multiple of 12?
True
Is 209 a multiple of 22?
False
Is 85374 a multiple of 17?
True
Is 2700 a multiple of 75?
True
Does 10 divide 66?
False
Is 903 even?
False
Does 57 divide 2039?
False
Does 8 divide 792?
True
Does 11 divide 2532?
False
Does 5 divide 943?
False
Does 6 divide 3924?
True
Is 128 a factor of 29312?
True
Is 3 a factor of 1625?
False
Does 19 divide 1444?
True
Is 31296 a multiple of 96?
True
Is 54 a factor of 41634?
True
Is 2421 a multiple of 4?
False
Is 49 a factor of 5891?
False
Is 13 a factor of 546?
True
Is 358 a multiple of 17?
False
Is 8667 a multiple of 27?
True
Is 539 a multiple of 9?
False
Is 1939 a multiple of 44?
False
Is 5113 a multiple of 40?
False
Does 27 divide 32645?
False
Is 1409 a multiple of 10?
False
Is 475 a multiple of 5?
True
Is 15 a factor of 19937?
False
Does 36 divide 406?
False
Is 13 a factor of 312?
True
Does 39 divide 7956?
True
Does 63 divide 103005?
True
Is 1189 a multiple of 12?
False
Is 19 a factor of 1286?
False
Does 40 divide 959?
False
Does 3 divide 332?
False
Is 280 a multiple of 8?
True
Is 14711 a multiple of 9?
False
Is 5 a factor of 3370?
True
Is 24 a factor of 12393?
False
Is 3 a factor of 1440?
True
Is 85 a factor of 13175?
True
Does 34 divide 179?
False
Is 477 a multiple of 25?
False
Is 17 a factor of 2754?
True
Does 27 divide 4995?
True
Does 170 divide 21420?
True
Is 24402 a multiple of 42?
True
Is 8 a factor of 882?
False
Is 36624 a multiple of 84?
True
Is 336 a multiple of 28?
True
Is 78 a factor of 624?
True
Is 74 a factor of 1110?
True
Is 38 a factor of 228?
True
Is 17 a factor of 43208?
False
Does 28 divide 10999?
False
Is 7 a factor of 9076?
False
Is 6 a factor of 389?
False
Does 10 divide 8550?
True
Does 42 divide 457?
False
Does 148 divide 8880?
True
Is 735 a multiple of 147?
True
Is 684 a multiple of 76?
True
Is 4 a factor of 860?
True
Is 347 a multiple of 10?
False
Is 39 a factor of 1755?
True
Is 9231 a multiple of 51?
True
Is 2 a factor of 4692?
True
Is 644 a multiple of 14?
True
Does 45 divide 630?
True
Is 42957 a multiple of 333?
True
Is 71609 a multiple of 42?
False
Is 47906 a multiple of 9?
False
Is 58 a multiple of 27?
False
Is 56023 a multiple of 11?
True
Does 15 divide 134?
False
Is 5 a factor of 550?
True
Is 78 a factor of 2964?
True
Is 11063 a multiple of 37?
True
Is 29616 a multiple of 48?
True
Does 17 divide 9952?
False
Does 4 divide 3016?
True
Is 62 a factor of 11658?
False
Is 123 a factor of 2555?
False
Is 72 a multiple of 18?
True
Does 52 divide 46696?
True
Is 26 a factor of 1612?
True
Is 794 a multiple of 38?
False
Is 3 a factor of 428?
False
Does 14 divide 14290?
False
Is 9 a factor of 21522?
False
Does 12 divide 12?
True
Does 36 divide 1429?
False
Does 28 divide 4032?
True
Is 43 a factor of 21903?
False
Is 13 a factor of 11596?
True
Is 24 a factor of 617?
False
Is 35 a factor of 50435?
True
Is 64 a factor of 1902?
False
Is 229 a factor of 35113?
False
Is 477 a multiple of 5?
False
Is 28 a factor of 2550?
False
Is 73 a factor of 1062?
False
Does 19 divide 14174?
True
Is 15 a multiple of 3?
True
Is 10 a factor of 90?
True
Is 12 a factor of 3252?
True
Is 60 a factor of 2280?
True
Is 222 a factor of 99361?
False
Is 2 a factor of 12925?
False
Is 847 a multiple of 57?
False
Does 83 divide 9471?
False
Is 393 a multiple of 10?
False
Does 85 divide 595?
True
Is 309 a multiple of 3?
True
Is 7 a factor of 291?
False
Is 149 a factor of 8942?
False
Is 12265 a multiple of 55?
True
Is 22141 a multiple of 7?
True
Is 59 a factor of 99297?
True
Is 7 a factor of 3770?
False
Is 665 a multiple of 35?
True
Is 20 a factor of 16040?
True
Is 1010 a multiple of 19?
False
Is 57 a factor of 3955?
False
Does 22 divide 534?
False
Is 40782 a multiple of 6?
True
Is 1386 a multiple of 42?
True
Is 285 a multiple of 15?
True
Is 9696 a multiple of 24?
True
Is 45578 a multiple of 17?
False
Is 22 a factor of 95?
False
Is 29099 a multiple of 35?
False
Does 29 divide 7034?
False
Is 448 a multiple of 64?
True
Is 49 a factor of 11417?
True
Does 18 divide 2633?
False
Is 1869 a multiple of 21?
True
Does 5 divide 1771?
False
Is 40 a factor of 26776?
False
Is 24048 a multiple of 77?
False
Does 82 divide 23362?
False
Is 18644 a multiple of 59?
True
Is 3276 a multiple of 21?
True
Does 122 divide 19284?
False
Is 116003 a multiple of 64?
False
Does 28 divide 1652?
True
Does 21 divide 3150?
True
Does 19 divide 4237?
True
Does 32 divide 536?
False
Does 58 divide 116?
True
Does 326 divide 65526?
True
Is 4 a factor of 439?
False
Is 436 a multiple of 17?
False
Is 22 a factor of 242?
True
Is 21918 a multiple of 184?
False
Does 21 divide 196?
False
Is 4263 a multiple of 55?
False
Is 29 a factor of 56904?
False
Does 22 divide 1254?
True
Does 119 divide 952?
True
Is 7 a factor of 622?
False
Is 17337 a multiple of 11?
False
Does 92 divide 46292?
False
Is 4 a factor of 1969?
False
Does 3 divide 943?
False
Is 30 a factor of 88020?
True
Is 5616 a multiple of 104?
True
Is 8 a factor of 209?
False
Is 561 a multiple of 4?
False
Does 13 divide 10621?
True
Does 254 divide 21021?
False
Does 17 divide 33682?
False
Is 91 a factor of 5369?
True
Is 627 a multiple of 33?
True
Is 5678 a multiple of 14?
False
Does 30 divide 2158?
False
Is 81 a factor of 1053?
True
Is 16 a factor of 848?
True
Is 9401 a multiple of 17?
True
Is 27 a multiple of 13?
False
Is 6 a factor of 60?
True
Does 54 divide 8964?
True
Does 16 divide 693?
False
Is 64 a factor of 1861?
False
Does 6 divide 360?
True
Is 22 a factor of 1161?
False
Is 44 a factor of 2156?
True
Is 224 a multiple of 8?
True
Is 1080 a multiple of 30?
True
Is 356 even?
True
Is 3772 a multiple of 9?
False
Does 22 divide 4950?
True
Is 39342 a multiple of 89?
False
Does 43 divide 423?
False
Is 2000 a multiple of 50?
True
Does 38 divide 6422?
True
Is 4594 a multiple of 14?
False
Is 32 a factor of 524?
False
Is 289 a multiple of 17?
True
Is 12348 a multiple of 84?
True
Does 2 divide 3852?
True
Does 3 divide 1829?
False
Does 9 divide 348?
False
Is 30 a factor of 1560?
True
Is 342 a multiple of 6?
True
Does 3 divide 121?
False
Is 11 a factor of 143?
True
Does 12 divide 288?
True
Is 10 a factor of 1619?
False
Is 12 a factor of 216?
True
Is 141 a multiple of 2?
False
Is 5 a factor of 24100?
True
Is 74 a factor of 1613?
False
Is 396 a multiple of 33?
True
Is 759 a multiple of 33?
True
Is 2 a factor of 293?
False
Is 47 a factor of 16927?
False
Does 59 divide 1944?
False
Does 4 divide 852?
True
Is 1306 a multiple of 6?
False
Is 105 a multiple of 10?
False
Is 23 a factor of 4281?
False
Does 24 divide 4008?
True
Is 30 a factor of 30112?
False
Does 8 divide 4056?
True
Is 28 a factor of 56?
True
Is 1542 a multiple of 42?
False
Is 3 a factor of 96?
True
Does 34 divide 59568?
True
Is 11 a factor of 5280?
True
Does 21 divide 887?
False
Is 48 a factor of 476?
False
Is 393 a multiple of 39?
False
Is 360 a multiple of 60?
True
Is 19 a factor of 912?
True
Is 2017 a multiple of 5?
False
Is 2160 a multiple of 27?
True
Is 10548 a multiple of 5?
False
Is 65081 a multiple of 22?
False
Does 161 divide 12003?
False
Does 36 divide 4392?
True
Is 2076 a multiple of 16?
False
Is 13621 a multiple of 23?
False
Is 5578 a multiple of 23?
False
Is 3604 a multiple of 34?
True
Is 2 a factor of 31?
False
Does 30 divide 780?
True
Does 10 divide 12563?
False
Is 1023 a multiple of 11?
True
Is 880 a multiple of 31?
False
Does 15 divide 60?
True
Is 14514 a multiple of 41?
True
Is 8372 a multiple of 46?
True
Is 3 a factor of 156?
True
Is 2937 a multiple of 3?
True
Does 8 divide 219?
False
Is 2 a factor of 3885?
False
Is 2926 a multiple of 19?
True
Does 37 divide 2849?
True
Does 25 divide 791?
False
Does 32 divide 5120?
True
Is 7791 a multiple of 14?
False
Is 448 a multiple of 8?
True
Is 24 a factor of 960?
True
Does 142 divide 946?
False
Is 7360 a multiple of 20?
True
Does 18 divide 3707?
False
Is 4641 a multiple of 21?
True
Is 780 a multiple of 20?
True
Is 9709 a multiple of 60?
False
Is 673 a multiple of 8?
False
Is 18 a factor of 934?
False
Is 16 a factor of 6717?
False
Does 8 divide 5040?
True
D